ulate the greatest common divisor of 95 and m.
19
Suppose 30*o - 2919 = -39. Calculate the highest common divisor of 12 and o.
12
Suppose -5*q - 13 = -f + 7, -f = -q - 28. Suppose 781 + 1139 = f*b. Calculate the greatest common divisor of b and 40.
8
Let w(t) = 2*t**2 + 3*t - 4. Let i(k) = -k**2 + k - 1. Let g be i(2). Let h be w(g). Let s = 3242 + -3237. Calculate the greatest common factor of s and h.
5
Let n be 10545/114*144/15. Calculate the greatest common factor of 39 and n.
3
Let i(h) = -20*h + 50. Let m be i(2). Let g be 9*(20 - 2/(-2)). Let f = 279 - g. Calculate the highest common divisor of m and f.
10
Suppose 16 = g + 10. Suppose -5*h - 3*d + 24 = d, -5*h = 2*d - 22. Suppose h*m = -4*x - 28 + 76, -5*x + 20 = 0. What is the greatest common factor of g and m?
2
Let u(i) = 10*i**2 + 10*i - 45. Let b(x) = -12*x**2 - 9*x + 44. Let o(s) = 3*b(s) + 4*u(s). Let g be o(3). What is the greatest common divisor of 18 and g?
9
Let p(x) = -2*x + 15 + x - 4*x + 4*x. Let w be p(6). Let b = -286 - -403. What is the highest common factor of w and b?
9
Let i = -15432 + 15507. Calculate the highest common divisor of i and 75.
75
Suppose -22 = -79*q + 74*q - z, q - 11 = 2*z. Let i(k) = k**2 + k - 7. Let s be i(-7). Let y be (-4 - -2)*s/(-2). What is the highest common divisor of q and y?
5
Suppose 0 = -s - 7*s + 4128. Let q be s/(-10) + 40/(-100). Let t = q - -79. What is the greatest common factor of 54 and t?
27
Let k be (9/6)/((-17)/(-34)) - -1497. What is the greatest common factor of 25 and k?
25
Suppose 0 = k - 5*n - 129, -14*n = -4*k - 18*n + 540. Calculate the highest common factor of k and 26.
2
Let x = 73 + -45. Let a be 28/6 - x/42. What is the greatest common factor of a and 20?
4
Suppose -55*c - 20295 = -70*c. Calculate the greatest common factor of 123 and c.
123
Let i be 4/(-10)*(-51 - -36). What is the greatest common factor of 2526 and i?
6
Suppose -5*o = -64 - 71. Suppose 7*y - 127 = 167. Let f be y/273 + (-230)/(-26). What is the greatest common factor of f and o?
9
Suppose -174*v + 1879 = -8*v - 279. What is the highest common divisor of v and 1963?
13
Suppose -4*l = -l - 33. Suppose 10*h - 124 - 959 = 787. Calculate the highest common factor of l and h.
11
Let t = -6882 - -6884. Calculate the greatest common divisor of t and 221.
1
Let r be 12/4*(1 - 0). Let z be 52/r + (-2)/6. Let d = -5534 + 5619. Calculate the highest common divisor of z and d.
17
Suppose -k = -5*l - 53, -42 = 19*l - 15*l - k. Let d(x) = -41*x - 123. Let i be d(l). Calculate the greatest common factor of i and 41.
41
Suppose -2*v + 2*b + 218 = 0, 33*v - 4*b = 30*v + 326. Calculate the greatest common divisor of 11825 and v.
55
Suppose -88 = -b + i, 248 = 3*b - 2*i + 3*i. Let r = b + -71. Suppose -j = 4*y - 32, 0 = -5*j + 3*y + 170 + r. Calculate the greatest common factor of 12 and j.
12
Suppose 0 = k - 4*f + 12, 0 = -3*f + 13 - 4. Let x = k + 6. Let u = -5908 + 5962. What is the greatest common divisor of u and x?
6
Let r(t) = 179*t**2 - 2*t. Let z be r(-2). Suppose 4*m + 502*n - 500*n = 194, 0 = 4*m + 5*n - 197. Calculate the highest common divisor of z and m.
48
Let x(b) = b**3 - 29*b**2 - 47*b + 60. Let u be x(31). Calculate the highest common divisor of u and 4375.
175
Suppose 3167 = 3*o - 5*k, 8*o - 3*k - 5241 = 3*o. What is the greatest common divisor of 84 and o?
12
Let i = -132 + 209. Suppose -4*t - 3*g + i = 0, -5*g + 95 = 5*t - 0*t. Let d = 52 + 8. What is the greatest common divisor of t and d?
20
Suppose 5*r + 481 = 2*g - 0*g, -228 = -g + 5*r. Suppose 2*l - 138 = 3*h, 65 - 1 = l + h. Suppose -5*c = -49 - l. What is the greatest common divisor of c and g?
23
Let k = -61 - -60. Let l be k*(-4)/1 - -6. Suppose 4*d + l = 190. What is the highest common divisor of 495 and d?
45
Let l be -2 + 37/(-1 - 0). Let r = l + 57. Suppose 25*c - 480 = -15*c. Calculate the highest common factor of c and r.
6
Let u(v) = -v**3 + 9*v**2 - 16*v - 12. Let g be u(6). Suppose -m = -5*s + 178, 0 = 3*s - g*m + 2*m - 112. Calculate the greatest common factor of 24 and s.
12
Let y(w) = -70*w + 2877. Let i be y(41). Calculate the greatest common factor of i and 3927.
7
Suppose 28*d - 1417 = 2167. Let a be 164 - 0 - (4 - 0). Calculate the greatest common divisor of d and a.
32
Suppose -10*p - 16*p + 52 = 0. Suppose -b + p*a = -12, -a + 10 = a. What is the highest common divisor of 33 and b?
11
Let c be 4/18 + (-136)/(-36). Suppose 0 = 4*f + c*f + 1408. Let o be f/(-33)*6/4. What is the greatest common divisor of o and 2?
2
Let o be ((-1212)/48 + 12)*4/1. Let f = o - -691. Calculate the greatest common factor of 58 and f.
58
Let w be (-260)/(-36) + -7 - (3885/27)/(-5). What is the greatest common factor of w and 261?
29
Let c = 24 + -20. Suppose w + a = -a + 12, 4 = 5*w - c*a. Suppose -3*y + 4*l + 144 = 0, 0*y - w*l = 4*y - 192. What is the greatest common divisor of 6 and y?
6
Suppose 0 = 263*r - 259*r - 464. Let d(x) = -8*x + 8. Let s be d(-7). Let m = r - s. What is the highest common factor of m and 364?
52
Let y be ((-984)/861 - (-332008)/(-14))/(-2). What is the greatest common factor of 968 and y?
242
Suppose 0 = 8*h - 6*h + 2. Let b(o) = 5*o**2 + 4*o + 4. Let i be b(h). Suppose -54 = -i*l + 51. Calculate the highest common factor of l and 28.
7
Let i be 392/6 - (26 - 924/36). Calculate the greatest common divisor of i and 3445.
65
Suppose 0 = -7*p + 630 - 14. Suppose 99 = -26*r + 385. What is the highest common divisor of r and p?
11
Let m be (-647040)/(-1216) + 1/((-19)/2). Suppose 4*p - 2*b = m, -7*p + 4*b = -10*p + 421. Calculate the highest common factor of 315 and p.
45
Suppose -3*f = -5*c - 3, 0 = -c - 3*f + 1 + 2. Suppose 2*v + 8*v - 720 = c. Suppose 0*b - 24 = -2*b. What is the highest common factor of v and b?
12
Suppose 13*n - 26*n + 91 = 0. Suppose n*c = 18*c - 165. What is the greatest common factor of 20 and c?
5
Let y = 60 - 39. Let n(d) = -d**3 + 22*d**2 - 14*d - 3. Let c be n(y). What is the greatest common divisor of c and 108?
36
Let c(v) = 21*v**2 + 2*v + 8850. Let g be c(0). What is the highest common factor of 10 and g?
10
Let l(f) = f**2 + 10*f + 32. Let w be l(-4). Suppose -w*k + 14 = -642. Calculate the greatest common divisor of k and 82.
82
Let v = -167 - -177. Let s be ((448/v)/1)/((-1)/(-5)). Let g be (4*2)/(2/7). What is the greatest common divisor of s and g?
28
Let v be (-2)/38 + 2112/57. What is the greatest common factor of 1961 and v?
37
Let l be (0 + (4 - -12))/2. Let z be 6*10/(-8)*l/(-12). Calculate the highest common divisor of 20 and z.
5
Let j = -111 + 444. Let f = -242 + j. What is the greatest common divisor of 7 and f?
7
Let o(w) = 3*w**2 + 18*w + 31. Suppose -x + 1 = 2*u - 9, 0 = x + 4. Let k be o(u). Calculate the greatest common divisor of k and 19.
19
Suppose 5*k + 4*u - 887 = 0, -2*k = k - 5*u - 547. Let i = k + -154. Let z be (4*-1)/((-6)/15). Calculate the highest common factor of i and z.
5
Suppose 4*f - 61 = -f + 2*b, -69 = -5*f - 2*b. Let c = f + -6. Suppose c*g - 877 = -93. Calculate the greatest common divisor of 16 and g.
16
Let y = 13 + -4. Let v = y - 5. Let m be (378/(-63))/(6/(-68)). Calculate the greatest common factor of v and m.
4
Let y = 22 - 154. Let k = -93 - y. What is the highest common divisor of 26 and k?
13
Let y = -84 - -106. Let g be -25 + y - (1 + (-1 - 435)). Calculate the highest common factor of g and 27.
27
Suppose 3*k + k = 3*m - 65, 5*m - 95 = 4*k. Suppose -5*b + 5 - m = 0. Let r be ((3 + 57)/5)/(-1 - b). What is the greatest common factor of r and 8?
4
Let r(z) = -z**3 - 9*z**2 + z + 13. Let l be r(-9). Suppose -x - 5*s - 23 = -73, 68 = x - l*s. Let y = -52 + 76. What is the highest common divisor of y and x?
12
Let b(a) = 45*a**2 + 51*a - 510. Let y be b(10). Calculate the highest common factor of y and 200.
100
Let f(p) be the first derivative of -p**4/2 + 7*p**3 + p**2/2 - 11*p + 86. Let g be f(10). Calculate the greatest common factor of g and 11.
11
Let l(p) = p**3 - 39*p**2 - 17*p - 77. Let t be l(43). What is the highest common factor of t and 108?
108
Let n be 5 + 0 + (5 - -7) + 335. Suppose 344*h + 128 = n*h. What is the highest common factor of 144 and h?
16
Let x be -1 - ((-2)/(-4) - 5/(-10)). Let f be 196/2 + x/(-1). Suppose 0*k + 100 = 4*k. What is the highest common divisor